[INFO] cloning repository https://github.com/mewosmith/rustcanxmlnow
[INFO] running `Command { std: "git" "-c" "credential.helper=" "-c" "credential.helper=/workspace/cargo-home/bin/git-credential-null" "clone" "--bare" "https://github.com/mewosmith/rustcanxmlnow" "/workspace/cache/git-repos/https%3A%2F%2Fgithub.com%2Fmewosmith%2Frustcanxmlnow", kill_on_drop: false }`
[INFO] [stderr] Cloning into bare repository '/workspace/cache/git-repos/https%3A%2F%2Fgithub.com%2Fmewosmith%2Frustcanxmlnow'...
[INFO] running `Command { std: "git" "rev-parse" "HEAD", kill_on_drop: false }`
[INFO] [stdout] 92a02b55b6140fb0bbf8754433d1f3a2c7942f8e
[INFO] checking mewosmith/rustcanxmlnow against try#72f88fc4e9458f89516a0b8b0868f3718aec5b47 for pr-74989
[INFO] running `Command { std: "git" "clone" "/workspace/cache/git-repos/https%3A%2F%2Fgithub.com%2Fmewosmith%2Frustcanxmlnow" "/workspace/builds/worker-5/source", kill_on_drop: false }`
[INFO] [stderr] Cloning into '/workspace/builds/worker-5/source'...
[INFO] [stderr] done.
[INFO] validating manifest of git repo https://github.com/mewosmith/rustcanxmlnow on toolchain 72f88fc4e9458f89516a0b8b0868f3718aec5b47
[INFO] running `Command { std: "/workspace/cargo-home/bin/cargo" "+72f88fc4e9458f89516a0b8b0868f3718aec5b47" "read-manifest" "--manifest-path" "Cargo.toml", kill_on_drop: false }`
[INFO] started tweaking git repo https://github.com/mewosmith/rustcanxmlnow
[INFO] finished tweaking git repo https://github.com/mewosmith/rustcanxmlnow
[INFO] tweaked toml for git repo https://github.com/mewosmith/rustcanxmlnow written to /workspace/builds/worker-5/source/Cargo.toml
[INFO] crate git repo https://github.com/mewosmith/rustcanxmlnow already has a lockfile, it will not be regenerated
[INFO] running `Command { std: "/workspace/cargo-home/bin/cargo" "+72f88fc4e9458f89516a0b8b0868f3718aec5b47" "fetch" "--locked" "--manifest-path" "Cargo.toml", kill_on_drop: false }`
[INFO] [stderr]  Downloading crates ...
[INFO] [stderr]   Downloaded roxmltree v0.11.0
[INFO] [stderr]   Downloaded jetscii v0.4.4
[INFO] [stderr]   Downloaded strong-xml-derive v0.6.0-alpha
[INFO] [stderr]   Downloaded strong-xml v0.6.0-alpha
[INFO] running `Command { std: "docker" "create" "-v" "/var/lib/crater-agent-workspace/builds/worker-5/target:/opt/rustwide/target:rw,Z" "-v" "/var/lib/crater-agent-workspace/builds/worker-5/source:/opt/rustwide/workdir:ro,Z" "-v" "/var/lib/crater-agent-workspace/cargo-home:/opt/rustwide/cargo-home:ro,Z" "-v" "/var/lib/crater-agent-workspace/rustup-home:/opt/rustwide/rustup-home:ro,Z" "-e" "SOURCE_DIR=/opt/rustwide/workdir" "-e" "CARGO_TARGET_DIR=/opt/rustwide/target" "-e" "CARGO_HOME=/opt/rustwide/cargo-home" "-e" "RUSTUP_HOME=/opt/rustwide/rustup-home" "-w" "/opt/rustwide/workdir" "-m" "1610612736" "--user" "0:0" "--network" "none" "rustops/crates-build-env@sha256:d92eaeed33fa75130ca1ee6c8a01d1ffb62bac859dfdfb3450e3e5d1c0146529" "/opt/rustwide/cargo-home/bin/cargo" "+72f88fc4e9458f89516a0b8b0868f3718aec5b47" "metadata" "--no-deps" "--format-version=1", kill_on_drop: false }`
[INFO] [stdout] 48633050a1f4e3cfe77fe8fc8a9d1c523b185a53bbb207501290f907837e526c
[INFO] [stderr] WARNING: Your kernel does not support swap limit capabilities or the cgroup is not mounted. Memory limited without swap.
[INFO] running `Command { std: "docker" "start" "-a" "48633050a1f4e3cfe77fe8fc8a9d1c523b185a53bbb207501290f907837e526c", kill_on_drop: false }`
[INFO] running `Command { std: "docker" "inspect" "48633050a1f4e3cfe77fe8fc8a9d1c523b185a53bbb207501290f907837e526c", kill_on_drop: false }`
[INFO] running `Command { std: "docker" "rm" "-f" "48633050a1f4e3cfe77fe8fc8a9d1c523b185a53bbb207501290f907837e526c", kill_on_drop: false }`
[INFO] [stdout] 48633050a1f4e3cfe77fe8fc8a9d1c523b185a53bbb207501290f907837e526c
[INFO] running `Command { std: "docker" "create" "-v" "/var/lib/crater-agent-workspace/builds/worker-5/target:/opt/rustwide/target:rw,Z" "-v" "/var/lib/crater-agent-workspace/builds/worker-5/source:/opt/rustwide/workdir:ro,Z" "-v" "/var/lib/crater-agent-workspace/cargo-home:/opt/rustwide/cargo-home:ro,Z" "-v" "/var/lib/crater-agent-workspace/rustup-home:/opt/rustwide/rustup-home:ro,Z" "-e" "SOURCE_DIR=/opt/rustwide/workdir" "-e" "CARGO_TARGET_DIR=/opt/rustwide/target" "-e" "CARGO_INCREMENTAL=0" "-e" "RUST_BACKTRACE=full" "-e" "RUSTFLAGS=--cap-lints=forbid" "-e" "CARGO_HOME=/opt/rustwide/cargo-home" "-e" "RUSTUP_HOME=/opt/rustwide/rustup-home" "-w" "/opt/rustwide/workdir" "-m" "1610612736" "--user" "0:0" "--network" "none" "rustops/crates-build-env@sha256:d92eaeed33fa75130ca1ee6c8a01d1ffb62bac859dfdfb3450e3e5d1c0146529" "/opt/rustwide/cargo-home/bin/cargo" "+72f88fc4e9458f89516a0b8b0868f3718aec5b47" "check" "--frozen" "--all" "--all-targets" "--message-format=json", kill_on_drop: false }`
[INFO] [stdout] 3f8331b6867f30286022ffbe792567b95d4d5356a864b9d5e936cd337491474a
[INFO] [stderr] WARNING: Your kernel does not support swap limit capabilities or the cgroup is not mounted. Memory limited without swap.
[INFO] running `Command { std: "docker" "start" "-a" "3f8331b6867f30286022ffbe792567b95d4d5356a864b9d5e936cd337491474a", kill_on_drop: false }`
[INFO] [stderr]    Compiling proc-macro2 v1.0.10
[INFO] [stderr]    Compiling unicode-xid v0.2.0
[INFO] [stderr]    Compiling syn v1.0.18
[INFO] [stderr]    Compiling jetscii v0.4.4
[INFO] [stderr]    Compiling memchr v2.3.3
[INFO] [stderr]     Checking same-file v1.0.6
[INFO] [stderr]     Checking lazy_static v1.4.0
[INFO] [stderr]     Checking roxmltree v0.11.0
[INFO] [stderr]     Checking walkdir v2.3.1
[INFO] [stderr]    Compiling quote v1.0.3
[INFO] [stderr]    Compiling strong-xml-derive v0.6.0-alpha
[INFO] [stderr]     Checking strong-xml v0.6.0-alpha
[INFO] [stderr]     Checking round20ofwillitparse v0.1.0 (/opt/rustwide/workdir)
[INFO] [stdout] error[E0425]: cannot find value `macro_struct` in this scope
[INFO] [stdout]    --> src/badname_macro.rs:4:26
[INFO] [stdout]     |
[INFO] [stdout] 4   |         if let Some(c) = macro_struct.macrochild.properties.$first.as_mut() {
[INFO] [stdout]     |                          ^^^^^^^^^^^^ not found in this scope
[INFO] [stdout]     | 
[INFO] [stdout]    ::: src/main.rs:101:18
[INFO] [stdout]     |
[INFO] [stdout] 101 |                  badname1!(hull, badname2!(max))
[INFO] [stdout]     |                  ------------------------------- in this macro invocation
[INFO] [stdout]     |
[INFO] [stdout]     = note: this error originates in a macro (in Nightly builds, run with -Z macro-backtrace for more info)
[INFO] [stdout] 
[INFO] [stdout] 
[INFO] [stdout] error[E0425]: cannot find value `c` in this scope
[INFO] [stdout]    --> src/badname_macro.rs:12:29
[INFO] [stdout]     |
[INFO] [stdout] 12  |         if let Some(orig) = c.$second.as_mut() {
[INFO] [stdout]     |                             ^ not found in this scope
[INFO] [stdout]     | 
[INFO] [stdout]    ::: src/main.rs:101:34
[INFO] [stdout]     |
[INFO] [stdout] 101 |                  badname1!(hull, badname2!(max))
[INFO] [stdout]     |                                  -------------- in this macro invocation
[INFO] [stdout]     |
[INFO] [stdout]     = note: this error originates in a macro (in Nightly builds, run with -Z macro-backtrace for more info)
[INFO] [stdout] 
[INFO] [stdout] 
[INFO] [stdout] error[E0425]: cannot find value `c` in this scope
[INFO] [stdout]    --> src/badname_macro.rs:14:17
[INFO] [stdout]     |
[INFO] [stdout] 14  |                 c.$second.replace((orig * trans.scaler).to_string());
[INFO] [stdout]     |                 ^ not found in this scope
[INFO] [stdout]     | 
[INFO] [stdout]    ::: src/main.rs:101:34
[INFO] [stdout]     |
[INFO] [stdout] 101 |                  badname1!(hull, badname2!(max))
[INFO] [stdout]     |                                  -------------- in this macro invocation
[INFO] [stdout]     |
[INFO] [stdout]     = note: this error originates in a macro (in Nightly builds, run with -Z macro-backtrace for more info)
[INFO] [stdout] 
[INFO] [stdout] 
[INFO] [stdout] error[E0425]: cannot find value `trans` in this scope
[INFO] [stdout]    --> src/badname_macro.rs:14:43
[INFO] [stdout]     |
[INFO] [stdout] 14  |                 c.$second.replace((orig * trans.scaler).to_string());
[INFO] [stdout]     |                                           ^^^^^ not found in this scope
[INFO] [stdout]     | 
[INFO] [stdout]    ::: src/main.rs:101:34
[INFO] [stdout]     |
[INFO] [stdout] 101 |                  badname1!(hull, badname2!(max))
[INFO] [stdout]     |                                  -------------- in this macro invocation
[INFO] [stdout]     |
[INFO] [stdout]     = note: this error originates in a macro (in Nightly builds, run with -Z macro-backtrace for more info)
[INFO] [stdout] 
[INFO] [stdout] 
[INFO] [stdout] warning: unused import: `Properties`
[INFO] [stdout]   --> src/main.rs:10:29
[INFO] [stdout]    |
[INFO] [stdout] 10 | use macro_structs::{Macros, Properties};
[INFO] [stdout]    |                             ^^^^^^^^^^
[INFO] [stdout]    |
[INFO] [stdout]    = note: `#[warn(unused_imports)]` on by default
[INFO] [stdout] 
[INFO] [stdout] 
[INFO] [stdout] error[E0425]: cannot find value `macro_struct` in this scope
[INFO] [stdout]    --> src/badname_macro.rs:4:26
[INFO] [stdout]     |
[INFO] [stdout] 4   |         if let Some(c) = macro_struct.macrochild.properties.$first.as_mut() {
[INFO] [stdout]     |                          ^^^^^^^^^^^^ not found in this scope
[INFO] [stdout]     | 
[INFO] [stdout]    ::: src/main.rs:101:18
[INFO] [stdout]     |
[INFO] [stdout] 101 |                  badname1!(hull, badname2!(max))
[INFO] [stdout]     |                  ------------------------------- in this macro invocation
[INFO] [stdout]     |
[INFO] [stdout]     = note: this error originates in a macro (in Nightly builds, run with -Z macro-backtrace for more info)
[INFO] [stdout] 
[INFO] [stdout] 
[INFO] [stdout] error[E0425]: cannot find value `c` in this scope
[INFO] [stdout]    --> src/badname_macro.rs:12:29
[INFO] [stdout]     |
[INFO] [stdout] 12  |         if let Some(orig) = c.$second.as_mut() {
[INFO] [stdout]     |                             ^ not found in this scope
[INFO] [stdout]     | 
[INFO] [stdout]    ::: src/main.rs:101:34
[INFO] [stdout]     |
[INFO] [stdout] 101 |                  badname1!(hull, badname2!(max))
[INFO] [stdout]     |                                  -------------- in this macro invocation
[INFO] [stdout]     |
[INFO] [stdout]     = note: this error originates in a macro (in Nightly builds, run with -Z macro-backtrace for more info)
[INFO] [stdout] 
[INFO] [stdout] 
[INFO] [stdout] error[E0425]: cannot find value `c` in this scope
[INFO] [stdout]    --> src/badname_macro.rs:14:17
[INFO] [stdout]     |
[INFO] [stdout] 14  |                 c.$second.replace((orig * trans.scaler).to_string());
[INFO] [stdout]     |                 ^ not found in this scope
[INFO] [stdout]     | 
[INFO] [stdout]    ::: src/main.rs:101:34
[INFO] [stdout]     |
[INFO] [stdout] 101 |                  badname1!(hull, badname2!(max))
[INFO] [stdout]     |                                  -------------- in this macro invocation
[INFO] [stdout]     |
[INFO] [stdout]     = note: this error originates in a macro (in Nightly builds, run with -Z macro-backtrace for more info)
[INFO] [stdout] 
[INFO] [stdout] 
[INFO] [stdout] error[E0425]: cannot find value `trans` in this scope
[INFO] [stdout]    --> src/badname_macro.rs:14:43
[INFO] [stdout]     |
[INFO] [stdout] 14  |                 c.$second.replace((orig * trans.scaler).to_string());
[INFO] [stdout]     |                                           ^^^^^ not found in this scope
[INFO] [stdout]     | 
[INFO] [stdout]    ::: src/main.rs:101:34
[INFO] [stdout]     |
[INFO] [stdout] 101 |                  badname1!(hull, badname2!(max))
[INFO] [stdout]     |                                  -------------- in this macro invocation
[INFO] [stdout]     |
[INFO] [stdout]     = note: this error originates in a macro (in Nightly builds, run with -Z macro-backtrace for more info)
[INFO] [stdout] 
[INFO] [stdout] 
[INFO] [stdout] warning: unused import: `Properties`
[INFO] [stdout]   --> src/main.rs:10:29
[INFO] [stdout]    |
[INFO] [stdout] 10 | use macro_structs::{Macros, Properties};
[INFO] [stdout]    |                             ^^^^^^^^^^
[INFO] [stdout]    |
[INFO] [stdout]    = note: `#[warn(unused_imports)]` on by default
[INFO] [stdout] 
[INFO] [stdout] 
[INFO] [stdout] error: aborting due to 4 previous errors; 1 warning emitted
[INFO] [stdout] 
[INFO] [stdout] 
[INFO] [stdout] For more information about this error, try `rustc --explain E0425`.
[INFO] [stdout] 
[INFO] [stderr] error: could not compile `round20ofwillitparse`.
[INFO] [stderr] 
[INFO] [stderr] To learn more, run the command again with --verbose.
[INFO] [stderr] warning: build failed, waiting for other jobs to finish...
[INFO] [stdout] error: aborting due to 4 previous errors; 1 warning emitted
[INFO] [stdout] 
[INFO] [stdout] 
[INFO] [stdout] For more information about this error, try `rustc --explain E0425`.
[INFO] [stdout] 
[INFO] [stderr] error: build failed
[INFO] running `Command { std: "docker" "inspect" "3f8331b6867f30286022ffbe792567b95d4d5356a864b9d5e936cd337491474a", kill_on_drop: false }`
[INFO] running `Command { std: "docker" "rm" "-f" "3f8331b6867f30286022ffbe792567b95d4d5356a864b9d5e936cd337491474a", kill_on_drop: false }`
[INFO] [stdout] 3f8331b6867f30286022ffbe792567b95d4d5356a864b9d5e936cd337491474a
